{"id":19738,"date":"2014-01-22T07:45:03","date_gmt":"2014-01-22T06:45:03","guid":{"rendered":"http:\/\/www.ploegsteert.info\/blog\/?page_id=19738"},"modified":"2014-01-22T07:45:03","modified_gmt":"2014-01-22T06:45:03","slug":"cartes-postales-de-la-region","status":"publish","type":"page","link":"http:\/\/www.ploegsteert.info\/blog\/?page_id=19738","title":{"rendered":"Cartes Postales de la r\u00e9gion"},"content":{"rendered":"<p>Depuis quelques ann\u00e9es, l&rsquo;\u00e9dition de cartes postales de notre r\u00e9gion n&rsquo;est pas tr\u00e8s importante. La derni\u00e8re en date remonte \u00e0 2007 avec l&rsquo;\u00e9dition de cartes postales par le SIDEC pour l&rsquo;Office du Tourisme de Comines-Warneton.<\/p>\n<p>En cette fin d&rsquo;ann\u00e9e 2013, \u00e0 la veille du centenaire de la Grande Guerre il me semblait donc opportun d&rsquo;en \u00e9diter de nouvelles.<\/p>\n<p>Les trois premi\u00e8res, car il y en aura d&rsquo;autres, sont disponibles depuis l&rsquo;inauguration du centre d&rsquo;Interpr\u00e9tation \u00ab\u00a0Plugstreet Experience\u00a0\u00bb le 9\u00a0novembre 2013.\u00a0Si vous le souhaitez vous pouvez commander les trois premi\u00e8res cartes ci-dessous en me contactant par mail : <a href=\"mailto:info@ploegsteert.info\">info@ploegsteert.info<\/a><\/p>\n<p>Le prix est de 1\u20ac la carte hors frais d&rsquo;envoi.<\/p>\n<h3>Ploegsteert : Lion du M\u00e9morial Britannique<\/h3>\n<p><img loading=\"lazy\" alt=\"\" src=\"\/blog\/public\/2013\/10\/2013_10_28 LION.jpg\" width=\"700\" height=\"\" \/><\/p>\n<h3>Ploegsteert : Le M\u00e9morial Britannique<\/h3>\n<p><img loading=\"lazy\" alt=\"\" src=\"\/blog\/public\/2013\/11\/2013_11_07_CP2.jpg\" width=\"700\" height=\"\" \/><\/p>\n<h3>Ploegsteert : Plugstreet 14-18 experience<\/h3>\n<p><img loading=\"lazy\" alt=\"\" src=\"\/blog\/public\/2013\/11\/2013_11_07_CP1.jpg\" width=\"700\" height=\"\" \/><\/p>\n","protected":false},"excerpt":{"rendered":"<p>Depuis quelques ann\u00e9es, l&rsquo;\u00e9dition de cartes postales de notre r\u00e9gion n&rsquo;est pas tr\u00e8s importante. La derni\u00e8re en date remonte \u00e0 2007 avec l&rsquo;\u00e9dition de cartes postales par le SIDEC pour l&rsquo;Office du Tourisme de Comines-Warneton. En cette fin d&rsquo;ann\u00e9e 2013, \u00e0 la veille du centenaire de la Grande Guerre il me semblait donc opportun d&rsquo;en [&hellip;]<\/p>\n","protected":false},"author":1,"featured_media":0,"parent":0,"menu_order":0,"comment_status":"open","ping_status":"open","template":"","meta":{"_expiration-date-status":"","_expiration-date":0,"_expiration-date-type":"","_expiration-date-categories":[],"_expiration-date-options":[]},"yoast_head":"<!-- This site is optimized with the Yoast SEO plugin v18.4.1 - https:\/\/yoast.com\/wordpress\/plugins\/seo\/ -->\n<title>Cartes Postales de la r\u00e9gion - Ploegsteert et la Region en photos et cartes postales<\/title>\n<meta name=\"robots\" content=\"index, follow, max-snippet:-1, max-image-preview:large, max-video-preview:-1\" \/>\n<link rel=\"canonical\" href=\"http:\/\/www.ploegsteert.info\/blog\/?page_id=19738\" \/>\n<meta property=\"og:locale\" content=\"fr_FR\" \/>\n<meta property=\"og:type\" content=\"article\" \/>\n<meta property=\"og:title\" content=\"Cartes Postales de la r\u00e9gion - Ploegsteert et la Region en photos et cartes postales\" \/>\n<meta property=\"og:description\" content=\"Depuis quelques ann\u00e9es, l&rsquo;\u00e9dition de cartes postales de notre r\u00e9gion n&rsquo;est pas tr\u00e8s importante. La derni\u00e8re en date remonte \u00e0 2007 avec l&rsquo;\u00e9dition de cartes postales par le SIDEC pour l&rsquo;Office du Tourisme de Comines-Warneton. En cette fin d&rsquo;ann\u00e9e 2013, \u00e0 la veille du centenaire de la Grande Guerre il me semblait donc opportun d&rsquo;en [&hellip;]\" \/>\n<meta property=\"og:url\" content=\"http:\/\/www.ploegsteert.info\/blog\/?page_id=19738\" \/>\n<meta property=\"og:site_name\" content=\"Ploegsteert et la Region en photos et cartes postales\" \/>\n<meta property=\"og:image\" content=\"http:\/\/www.ploegsteert.info\/blog\/public\/2013\/10\/2013_10_28%20LION.jpg\" \/>\n<meta name=\"twitter:label1\" content=\"Dur\u00e9e de lecture estim\u00e9e\" \/>\n\t<meta name=\"twitter:data1\" content=\"1 minute\" \/>\n<script type=\"application\/ld+json\" class=\"yoast-schema-graph\">{\"@context\":\"https:\/\/schema.org\",\"@graph\":[{\"@type\":\"WebSite\",\"@id\":\"http:\/\/www.ploegsteert.info\/blog\/#website\",\"url\":\"http:\/\/www.ploegsteert.info\/blog\/\",\"name\":\"Ploegsteert et la Region en photos et cartes postales\",\"description\":\"\",\"potentialAction\":[{\"@type\":\"SearchAction\",\"target\":{\"@type\":\"EntryPoint\",\"urlTemplate\":\"http:\/\/www.ploegsteert.info\/blog\/?s={search_term_string}\"},\"query-input\":\"required name=search_term_string\"}],\"inLanguage\":\"fr-FR\"},{\"@type\":\"ImageObject\",\"@id\":\"http:\/\/www.ploegsteert.info\/blog\/?page_id=19738#primaryimage\",\"inLanguage\":\"fr-FR\",\"url\":\"\/blog\/public\/2013\/10\/2013_10_28 LION.jpg\",\"contentUrl\":\"\/blog\/public\/2013\/10\/2013_10_28 LION.jpg\"},{\"@type\":\"WebPage\",\"@id\":\"http:\/\/www.ploegsteert.info\/blog\/?page_id=19738#webpage\",\"url\":\"http:\/\/www.ploegsteert.info\/blog\/?page_id=19738\",\"name\":\"Cartes Postales de la r\u00e9gion - Ploegsteert et la Region en photos et cartes postales\",\"isPartOf\":{\"@id\":\"http:\/\/www.ploegsteert.info\/blog\/#website\"},\"primaryImageOfPage\":{\"@id\":\"http:\/\/www.ploegsteert.info\/blog\/?page_id=19738#primaryimage\"},\"datePublished\":\"2014-01-22T06:45:03+00:00\",\"dateModified\":\"2014-01-22T06:45:03+00:00\",\"breadcrumb\":{\"@id\":\"http:\/\/www.ploegsteert.info\/blog\/?page_id=19738#breadcrumb\"},\"inLanguage\":\"fr-FR\",\"potentialAction\":[{\"@type\":\"ReadAction\",\"target\":[\"http:\/\/www.ploegsteert.info\/blog\/?page_id=19738\"]}]},{\"@type\":\"BreadcrumbList\",\"@id\":\"http:\/\/www.ploegsteert.info\/blog\/?page_id=19738#breadcrumb\",\"itemListElement\":[{\"@type\":\"ListItem\",\"position\":1,\"name\":\"Accueil\",\"item\":\"http:\/\/www.ploegsteert.info\/blog\"},{\"@type\":\"ListItem\",\"position\":2,\"name\":\"Cartes Postales de la r\u00e9gion\"}]}]}<\/script>\n<!-- \/ Yoast SEO plugin. -->","yoast_head_json":{"title":"Cartes Postales de la r\u00e9gion - Ploegsteert et la Region en photos et cartes postales","robots":{"index":"index","follow":"follow","max-snippet":"max-snippet:-1","max-image-preview":"max-image-preview:large","max-video-preview":"max-video-preview:-1"},"canonical":"http:\/\/www.ploegsteert.info\/blog\/?page_id=19738","og_locale":"fr_FR","og_type":"article","og_title":"Cartes Postales de la r\u00e9gion - Ploegsteert et la Region en photos et cartes postales","og_description":"Depuis quelques ann\u00e9es, l&rsquo;\u00e9dition de cartes postales de notre r\u00e9gion n&rsquo;est pas tr\u00e8s importante. La derni\u00e8re en date remonte \u00e0 2007 avec l&rsquo;\u00e9dition de cartes postales par le SIDEC pour l&rsquo;Office du Tourisme de Comines-Warneton. En cette fin d&rsquo;ann\u00e9e 2013, \u00e0 la veille du centenaire de la Grande Guerre il me semblait donc opportun d&rsquo;en [&hellip;]","og_url":"http:\/\/www.ploegsteert.info\/blog\/?page_id=19738","og_site_name":"Ploegsteert et la Region en photos et cartes postales","og_image":[{"url":"http:\/\/www.ploegsteert.info\/blog\/public\/2013\/10\/2013_10_28 LION.jpg"}],"twitter_misc":{"Dur\u00e9e de lecture estim\u00e9e":"1 minute"},"schema":{"@context":"https:\/\/schema.org","@graph":[{"@type":"WebSite","@id":"http:\/\/www.ploegsteert.info\/blog\/#website","url":"http:\/\/www.ploegsteert.info\/blog\/","name":"Ploegsteert et la Region en photos et cartes postales","description":"","potentialAction":[{"@type":"SearchAction","target":{"@type":"EntryPoint","urlTemplate":"http:\/\/www.ploegsteert.info\/blog\/?s={search_term_string}"},"query-input":"required name=search_term_string"}],"inLanguage":"fr-FR"},{"@type":"ImageObject","@id":"http:\/\/www.ploegsteert.info\/blog\/?page_id=19738#primaryimage","inLanguage":"fr-FR","url":"\/blog\/public\/2013\/10\/2013_10_28 LION.jpg","contentUrl":"\/blog\/public\/2013\/10\/2013_10_28 LION.jpg"},{"@type":"WebPage","@id":"http:\/\/www.ploegsteert.info\/blog\/?page_id=19738#webpage","url":"http:\/\/www.ploegsteert.info\/blog\/?page_id=19738","name":"Cartes Postales de la r\u00e9gion - Ploegsteert et la Region en photos et cartes postales","isPartOf":{"@id":"http:\/\/www.ploegsteert.info\/blog\/#website"},"primaryImageOfPage":{"@id":"http:\/\/www.ploegsteert.info\/blog\/?page_id=19738#primaryimage"},"datePublished":"2014-01-22T06:45:03+00:00","dateModified":"2014-01-22T06:45:03+00:00","breadcrumb":{"@id":"http:\/\/www.ploegsteert.info\/blog\/?page_id=19738#breadcrumb"},"inLanguage":"fr-FR","potentialAction":[{"@type":"ReadAction","target":["http:\/\/www.ploegsteert.info\/blog\/?page_id=19738"]}]},{"@type":"BreadcrumbList","@id":"http:\/\/www.ploegsteert.info\/blog\/?page_id=19738#breadcrumb","itemListElement":[{"@type":"ListItem","position":1,"name":"Accueil","item":"http:\/\/www.ploegsteert.info\/blog"},{"@type":"ListItem","position":2,"name":"Cartes Postales de la r\u00e9gion"}]}]}},"_links":{"self":[{"href":"http:\/\/www.ploegsteert.info\/blog\/index.php?rest_route=\/wp\/v2\/pages\/19738"}],"collection":[{"href":"http:\/\/www.ploegsteert.info\/blog\/index.php?rest_route=\/wp\/v2\/pages"}],"about":[{"href":"http:\/\/www.ploegsteert.info\/blog\/index.php?rest_route=\/wp\/v2\/types\/page"}],"author":[{"embeddable":true,"href":"http:\/\/www.ploegsteert.info\/blog\/index.php?rest_route=\/wp\/v2\/users\/1"}],"replies":[{"embeddable":true,"href":"http:\/\/www.ploegsteert.info\/blog\/index.php?rest_route=%2Fwp%2Fv2%2Fcomments&post=19738"}],"version-history":[{"count":0,"href":"http:\/\/www.ploegsteert.info\/blog\/index.php?rest_route=\/wp\/v2\/pages\/19738\/revisions"}],"wp:attachment":[{"href":"http:\/\/www.ploegsteert.info\/blog\/index.php?rest_route=%2Fwp%2Fv2%2Fmedia&parent=19738"}],"curies":[{"name":"wp","href":"https:\/\/api.w.org\/{rel}","templated":true}]}}