{"id":19731,"date":"2014-01-22T07:10:59","date_gmt":"2014-01-22T06:10:59","guid":{"rendered":"http:\/\/www.ploegsteert.info\/blog\/?page_id=19731"},"modified":"2014-01-24T09:32:49","modified_gmt":"2014-01-24T08:32:49","slug":"regard-sur-le-passe-de-notre-region","status":"publish","type":"page","link":"http:\/\/www.ploegsteert.info\/blog\/?page_id=19731","title":{"rendered":"REGARD SUR LE PASSE DE NOTRE REGION"},"content":{"rendered":"<p>A travers cette chronique vous pourrez d\u00e9couvrir des documents, des photos, des cartes postales relatifs au pass\u00e9 de notre r\u00e9gion, ils sont issus de collections priv\u00e9s.<\/p>\n<p>Ces documents <span style=\"text-decoration: underline;\">ne seront visibles que quelques jours<\/span> (un jour ou deux tout au plus) car cela prend \u00e9norm\u00e9ment de place sur notre serveur. Une <span style=\"color: #ff6600;\"><a href=\"http:\/\/www.ploegsteert.info\/blog\/?page_id=19791\" target=\"new\"><span style=\"color: #ff6600;\">liste<\/span><\/a><\/span> sera cependant toujours accessible. Par ailleurs, ils ne seront en aucun cas rediffus\u00e9s sur la chronique. Je vous invite donc, si l&rsquo;histoire vous int\u00e9resse, \u00e0 passer r\u00e9guli\u00e8rement par cette rubrique et \u00e0 la faire conna\u00eetre.<\/p>\n<p>Il n&rsquo;y aura pas de fil conducteur bien pr\u00e9cis, c&rsquo;est au gr\u00e9 de la r\u00e9ception des documents et\/ou de l&rsquo;int\u00e9r\u00eat du moment que ceux-ci seront diffus\u00e9s.<\/p>\n<p>Je suis toujours \u00e0 la recherche de documents. Si vous souhaitez vous s\u00e9parer de documents ou si vous pouvez nous les confier pour les scanner, nous sommes partie prenante. Chaque document scann\u00e9 fera l&rsquo;objet d&rsquo;un archivage \u00a0pr\u00e9cis au <span style=\"color: #0000ff;\"><a href=\"http:\/\/www.shcwr.org\/\" target=\"cd\" class=\"broken_link\"><span style=\"color: #0000ff;\">Centre de Documentation de la Soci\u00e9t\u00e9 d&rsquo;Histoire de Comines-Warneton et de la R\u00e9gion<\/span><\/a><\/span>. N&rsquo;h\u00e9sitez donc pas \u00e0 me contacter.<\/p>\n<p>Je vous invite donc \u00e0 d\u00e9couvrir ci-dessous la mise en ligne de cette rubrique<span style=\"color: #808080;\"> \u00a0\u00bb Regard sur le pass\u00e9 de notre r\u00e9gion \u00ab\u00a0<\/span><\/p>\n<hr \/>\n<h2><span style=\"color: #808080;\">Warneton &#8211; Pont Rouge &#8211; La gare<\/span><\/h2>\n<p style=\"text-align: right;\"><span style=\"color: #000000;\">24 Janvier 2014<\/span><\/p>\n<p>\u00c9diteur : Edition Veuve E. Keukelinck (Warneton)<br \/>\nCarte \u00e9crite.<br \/>\nDos non divis\u00e9.<br \/>\n<img alt=\"\" src=\"\/blog\/public\/histoire\/2014_01_24_W1.jpg\" width=\"700\" \/><\/p>\n<h2><span style=\"color: #808080;\">Messines &#8211; F\u00eate annuelle de la Mi-Car\u00e8me &#8211; R\u00e9union des chars et groupes du Cort\u00e8ge sur la Grand Place<\/span><\/h2>\n<p style=\"text-align: right;\"><span style=\"color: #000000;\">23 Janvier 2014<\/span><\/p>\n<p>\u00c9diteur : (Pas d&rsquo;\u00e9diteur, ni d&rsquo;\u00e9dition)<br \/>\nCarte \u00e9crite par Madame Jeanne Coppin de Messines, envoy\u00e9e le 16 Mars 1904 vers Bruxelles. Arriv\u00e9e chez Mr Stevens 22 Mars 1907.<br \/>\nDos non divis\u00e9. Carte photographi\u00e9e et produite en 1903 ou avant.<\/p>\n<p><span style=\"text-decoration: underline;\">Voici le texte :<\/span><br \/>\nVoici cher Paul, une petite vue des festivit\u00e9s Messinoises. La f\u00eate de dimanche a tr\u00e8s bien r\u00e9ussie, nous avons \u00e9t\u00e9 favoris\u00e9 par un temps splendide. Le cort\u00e8ge comprenait 38 chars et groupes, des plus vari\u00e9s. Cette petite cit\u00e9 poss\u00e8de le talent d&rsquo;organiser de jolies f\u00eates. J&rsquo;esp\u00e8re que tu te portes bien ainsi que tes chers Parents auxquels je te prie de pr\u00e9senter les bonnes amiti\u00e9s de toute la famille.<br \/>\nJeanne le 16-3-04.<\/p>\n<p>Document arriv\u00e9 dans la collection le \/01\/2013<br \/>\n<img alt=\"\" src=\"\/blog\/public\/histoire\/2014_01_23_M1.jpg\" width=\"700\" \/><\/p>\n<h2><span style=\"color: #808080;\">Ploegsteert &#8211; L&rsquo;Hospice (vue ext\u00e9rieure)<\/span><\/h2>\n<p style=\"text-align: right;\"><span style=\"color: #000000;\">22 Janvier 2014<\/span><\/p>\n<p>\u00c9diteur : (Pas d&rsquo;\u00e9diteur, ni d&rsquo;\u00e9dition)<br \/>\nCarte non \u00e9crite.<br \/>\nDos divis\u00e9.<br \/>\nDocument arriv\u00e9 dans la collection le 22\/01\/2014<br \/>\n<img alt=\"\" src=\"\/blog\/public\/histoire\/2014_01_22_P2.jpg\" width=\"700\" \/><\/p>\n<h2><span style=\"color: #808080;\">Ploegsteert &#8211; Carte Postale<\/span><\/h2>\n<p>Carte \u00e9crite \u00e0 la maison d&rsquo;\u00e9ditions Wesmael Charlier \u00e0 Namur.<br \/>\nCorrespondance \u00e9crite depuis Ploegsteert le 18 d\u00e9cembre 1951, sign\u00e9e Les Religieuses de la Ste Union.<br \/>\nAu sujet de la r\u00e9ception de livres sur l&rsquo;enseignement du flamand comme seconde langue.<br \/>\nDos non divis\u00e9.<br \/>\nDocument arriv\u00e9 dans la collection le 22\/01\/2014<br \/>\n<img alt=\"\" src=\"\/blog\/public\/histoire\/2014_01_22_P3.jpg\" width=\"700\" \/><\/p>\n","protected":false},"excerpt":{"rendered":"<p>A travers cette chronique vous pourrez d\u00e9couvrir des documents, des photos, des cartes postales relatifs au pass\u00e9 de notre r\u00e9gion, ils sont issus de collections priv\u00e9s. Ces documents ne seront visibles que quelques jours (un jour ou deux tout au plus) car cela prend \u00e9norm\u00e9ment de place sur notre serveur. Une liste sera cependant toujours [&hellip;]<\/p>\n","protected":false},"author":1,"featured_media":0,"parent":0,"menu_order":0,"comment_status":"open","ping_status":"open","template":"","meta":{"_expiration-date-status":"","_expiration-date":0,"_expiration-date-type":"","_expiration-date-categories":[],"_expiration-date-options":[]},"yoast_head":"<!-- This site is optimized with the Yoast SEO plugin v18.4.1 - https:\/\/yoast.com\/wordpress\/plugins\/seo\/ -->\n<title>REGARD SUR LE PASSE DE NOTRE REGION - Ploegsteert et la Region en photos et cartes postales<\/title>\n<meta name=\"robots\" content=\"index, follow, max-snippet:-1, max-image-preview:large, max-video-preview:-1\" \/>\n<link rel=\"canonical\" href=\"http:\/\/www.ploegsteert.info\/blog\/?page_id=19731\" \/>\n<meta property=\"og:locale\" content=\"fr_FR\" \/>\n<meta property=\"og:type\" content=\"article\" \/>\n<meta property=\"og:title\" content=\"REGARD SUR LE PASSE DE NOTRE REGION - Ploegsteert et la Region en photos et cartes postales\" \/>\n<meta property=\"og:description\" content=\"A travers cette chronique vous pourrez d\u00e9couvrir des documents, des photos, des cartes postales relatifs au pass\u00e9 de notre r\u00e9gion, ils sont issus de collections priv\u00e9s. Ces documents ne seront visibles que quelques jours (un jour ou deux tout au plus) car cela prend \u00e9norm\u00e9ment de place sur notre serveur. Une liste sera cependant toujours [&hellip;]\" \/>\n<meta property=\"og:url\" content=\"http:\/\/www.ploegsteert.info\/blog\/?page_id=19731\" \/>\n<meta property=\"og:site_name\" content=\"Ploegsteert et la Region en photos et cartes postales\" \/>\n<meta property=\"article:modified_time\" content=\"2014-01-24T08:32:49+00:00\" \/>\n<meta property=\"og:image\" content=\"http:\/\/www.ploegsteert.info\/blog\/public\/histoire\/2014_01_24_W1.jpg\" \/>\n<meta name=\"twitter:label1\" content=\"Dur\u00e9e de lecture estim\u00e9e\" \/>\n\t<meta name=\"twitter:data1\" content=\"2 minutes\" \/>\n<script type=\"application\/ld+json\" class=\"yoast-schema-graph\">{\"@context\":\"https:\/\/schema.org\",\"@graph\":[{\"@type\":\"WebSite\",\"@id\":\"http:\/\/www.ploegsteert.info\/blog\/#website\",\"url\":\"http:\/\/www.ploegsteert.info\/blog\/\",\"name\":\"Ploegsteert et la Region en photos et cartes postales\",\"description\":\"\",\"potentialAction\":[{\"@type\":\"SearchAction\",\"target\":{\"@type\":\"EntryPoint\",\"urlTemplate\":\"http:\/\/www.ploegsteert.info\/blog\/?s={search_term_string}\"},\"query-input\":\"required name=search_term_string\"}],\"inLanguage\":\"fr-FR\"},{\"@type\":\"ImageObject\",\"@id\":\"http:\/\/www.ploegsteert.info\/blog\/?page_id=19731#primaryimage\",\"inLanguage\":\"fr-FR\",\"url\":\"\/blog\/public\/histoire\/2014_01_24_W1.jpg\",\"contentUrl\":\"\/blog\/public\/histoire\/2014_01_24_W1.jpg\"},{\"@type\":\"WebPage\",\"@id\":\"http:\/\/www.ploegsteert.info\/blog\/?page_id=19731#webpage\",\"url\":\"http:\/\/www.ploegsteert.info\/blog\/?page_id=19731\",\"name\":\"REGARD SUR LE PASSE DE NOTRE REGION - Ploegsteert et la Region en photos et cartes postales\",\"isPartOf\":{\"@id\":\"http:\/\/www.ploegsteert.info\/blog\/#website\"},\"primaryImageOfPage\":{\"@id\":\"http:\/\/www.ploegsteert.info\/blog\/?page_id=19731#primaryimage\"},\"datePublished\":\"2014-01-22T06:10:59+00:00\",\"dateModified\":\"2014-01-24T08:32:49+00:00\",\"breadcrumb\":{\"@id\":\"http:\/\/www.ploegsteert.info\/blog\/?page_id=19731#breadcrumb\"},\"inLanguage\":\"fr-FR\",\"potentialAction\":[{\"@type\":\"ReadAction\",\"target\":[\"http:\/\/www.ploegsteert.info\/blog\/?page_id=19731\"]}]},{\"@type\":\"BreadcrumbList\",\"@id\":\"http:\/\/www.ploegsteert.info\/blog\/?page_id=19731#breadcrumb\",\"itemListElement\":[{\"@type\":\"ListItem\",\"position\":1,\"name\":\"Accueil\",\"item\":\"http:\/\/www.ploegsteert.info\/blog\"},{\"@type\":\"ListItem\",\"position\":2,\"name\":\"REGARD SUR LE PASSE DE NOTRE REGION\"}]}]}<\/script>\n<!-- \/ Yoast SEO plugin. -->","yoast_head_json":{"title":"REGARD SUR LE PASSE DE NOTRE REGION - Ploegsteert et la Region en photos et cartes postales","robots":{"index":"index","follow":"follow","max-snippet":"max-snippet:-1","max-image-preview":"max-image-preview:large","max-video-preview":"max-video-preview:-1"},"canonical":"http:\/\/www.ploegsteert.info\/blog\/?page_id=19731","og_locale":"fr_FR","og_type":"article","og_title":"REGARD SUR LE PASSE DE NOTRE REGION - Ploegsteert et la Region en photos et cartes postales","og_description":"A travers cette chronique vous pourrez d\u00e9couvrir des documents, des photos, des cartes postales relatifs au pass\u00e9 de notre r\u00e9gion, ils sont issus de collections priv\u00e9s. Ces documents ne seront visibles que quelques jours (un jour ou deux tout au plus) car cela prend \u00e9norm\u00e9ment de place sur notre serveur. Une liste sera cependant toujours [&hellip;]","og_url":"http:\/\/www.ploegsteert.info\/blog\/?page_id=19731","og_site_name":"Ploegsteert et la Region en photos et cartes postales","article_modified_time":"2014-01-24T08:32:49+00:00","og_image":[{"url":"http:\/\/www.ploegsteert.info\/blog\/public\/histoire\/2014_01_24_W1.jpg"}],"twitter_misc":{"Dur\u00e9e de lecture estim\u00e9e":"2 minutes"},"schema":{"@context":"https:\/\/schema.org","@graph":[{"@type":"WebSite","@id":"http:\/\/www.ploegsteert.info\/blog\/#website","url":"http:\/\/www.ploegsteert.info\/blog\/","name":"Ploegsteert et la Region en photos et cartes postales","description":"","potentialAction":[{"@type":"SearchAction","target":{"@type":"EntryPoint","urlTemplate":"http:\/\/www.ploegsteert.info\/blog\/?s={search_term_string}"},"query-input":"required name=search_term_string"}],"inLanguage":"fr-FR"},{"@type":"ImageObject","@id":"http:\/\/www.ploegsteert.info\/blog\/?page_id=19731#primaryimage","inLanguage":"fr-FR","url":"\/blog\/public\/histoire\/2014_01_24_W1.jpg","contentUrl":"\/blog\/public\/histoire\/2014_01_24_W1.jpg"},{"@type":"WebPage","@id":"http:\/\/www.ploegsteert.info\/blog\/?page_id=19731#webpage","url":"http:\/\/www.ploegsteert.info\/blog\/?page_id=19731","name":"REGARD SUR LE PASSE DE NOTRE REGION - Ploegsteert et la Region en photos et cartes postales","isPartOf":{"@id":"http:\/\/www.ploegsteert.info\/blog\/#website"},"primaryImageOfPage":{"@id":"http:\/\/www.ploegsteert.info\/blog\/?page_id=19731#primaryimage"},"datePublished":"2014-01-22T06:10:59+00:00","dateModified":"2014-01-24T08:32:49+00:00","breadcrumb":{"@id":"http:\/\/www.ploegsteert.info\/blog\/?page_id=19731#breadcrumb"},"inLanguage":"fr-FR","potentialAction":[{"@type":"ReadAction","target":["http:\/\/www.ploegsteert.info\/blog\/?page_id=19731"]}]},{"@type":"BreadcrumbList","@id":"http:\/\/www.ploegsteert.info\/blog\/?page_id=19731#breadcrumb","itemListElement":[{"@type":"ListItem","position":1,"name":"Accueil","item":"http:\/\/www.ploegsteert.info\/blog"},{"@type":"ListItem","position":2,"name":"REGARD SUR LE PASSE DE NOTRE REGION"}]}]}},"_links":{"self":[{"href":"http:\/\/www.ploegsteert.info\/blog\/index.php?rest_route=\/wp\/v2\/pages\/19731"}],"collection":[{"href":"http:\/\/www.ploegsteert.info\/blog\/index.php?rest_route=\/wp\/v2\/pages"}],"about":[{"href":"http:\/\/www.ploegsteert.info\/blog\/index.php?rest_route=\/wp\/v2\/types\/page"}],"author":[{"embeddable":true,"href":"http:\/\/www.ploegsteert.info\/blog\/index.php?rest_route=\/wp\/v2\/users\/1"}],"replies":[{"embeddable":true,"href":"http:\/\/www.ploegsteert.info\/blog\/index.php?rest_route=%2Fwp%2Fv2%2Fcomments&post=19731"}],"version-history":[{"count":0,"href":"http:\/\/www.ploegsteert.info\/blog\/index.php?rest_route=\/wp\/v2\/pages\/19731\/revisions"}],"wp:attachment":[{"href":"http:\/\/www.ploegsteert.info\/blog\/index.php?rest_route=%2Fwp%2Fv2%2Fmedia&parent=19731"}],"curies":[{"name":"wp","href":"https:\/\/api.w.org\/{rel}","templated":true}]}}